- 2?
16
Suppose 2*y + 5*a = 211, 3*y + 2*a - 430 = -y. Suppose b + y = 5*b. Suppose 5*k + 30 = 5*l, -l = k - 9 + 1. Calculate the remainder when b is divided by l.
6
Suppose 3*d = 4*u + 17, d + 3*d - 2 = -5*u. Suppose 0 = -d*k + 4*k - 20. Calculate the remainder when 37 is divided by k.
17
Let z = -190 - -92. Suppose 3*o - 75 = 3*d - 24, 0 = -o - 3*d + 13. Calculate the remainder when o is divided by z/(-16) - (-3)/(-24).
4
Suppose 10*p - 18 = 4*p. Suppose 0 = p*s - 18 - 12. What is the remainder when 19 is divided by s?
9
Suppose 2*h = -0*h - 2*g + 134, 0 = 4*h + 5*g - 273. Calculate the remainder when h is divided by 9.
8
Let a = 6 + -3. Suppose -a*x + 6 = -x. What is the remainder when 14 is divided by 2 - 1/(x/(-6))?
2
Suppose -4*y + 713 = 5*b, 52*y + 2*b = 50*y + 358. What is the remainder when y is divided by 13?
0
Let p(q) = -q**3 - 5*q**2 + 28*q + 4. Calculate the remainder when p(-10) is divided by 12.
8
Let x(l) = -9*l**3 + l**2 - l - 3. Let w be x(-3). Suppose -w = -6*g - 84. What is the remainder when 109 is divided by g?
25
Let l(f) = 4*f**3 - 17*f**2 + 39*f - 3. What is the remainder when l(9) is divided by 135?
132
Suppose -349 = -10*p + 31. Let c = 45 - p. What is the remainder when 8 is divided by c?
1
Suppose 3*f - 8 = -f. Suppose 3*r + 27 = -3*a + 4*a, -a + 21 = 3*r. Calculate the remainder when 3 + -2 - (f + -118) is divided by a.
21
Let p = -1726 - -2221. What is the remainder when p is divided by 97?
10
What is the remainder when 91/(-273) + (-668)/(-6) is divided by 94?
17
Let g be 3/(-18) - (-3784)/(-48). Let v = g + 92. Let q(f) = f**2 - 3*f - 3. Calculate the remainder when v is divided by q(5).
6
Let r = -404 + 454. What is the remainder when 223 is divided by r?
23
Let u = 951 - 927. Calculate the remainder when 551 is divided by u.
23
Suppose 0 = n - 7*n. Suppose 2*j - j - 5 = n. What is the remainder when 22 is divided by j?
2
Let j(d) = -14*d - 71. What is the remainder when j(-6) is divided by 2?
1
Let s(j) = -8*j - 71. Let p(q) = -7*q - 70. Let n(w) = 3*p(w) - 4*s(w). What is the remainder when n(-6) is divided by 5?
3
Suppose 2316*o - 2332*o = -48. Let c(w) = w + 13. Calculate the remainder when c(0) is divided by o.
1
Let p be (-16)/(-4 + 0) - -2. Suppose p*t - t + 55 = 0. Let x = 18 + t. What is the remainder when 18 is divided by x?
4
Let g = 2 - -108. What is the remainder when g is divided by (-340)/(-9) + 4/18?
34
Let v(n) = -n**2 - 17*n - 7. Let j = 77 + -64. Calculate the remainder when v(-10) is divided by j.
11
Let n = 141 - 95. Suppose -42*z - 548 = -n*z. What is the remainder when z is divided by 28?
25
Let g(n) = 3*n**2. Let h be g(-2). Suppose h*j = 8*j + 136. What is the remainder when j is divided by 19?
15
Suppose -7*x + 255 = 5*i - 12*x, 4 = 2*x. What is the remainder when 142 is divided by i?
36
Suppose -6 = -z + 3*n + 5, z = -5*n + 3. Let p = -37125 - -37163. What is the remainder when p is divided by z?
6
Let o be (-2 + -8)/(1 - -1). Let d(l) = -3*l - 7. Let c be d(o). Suppose -9 = -y + c. What is the remainder when 32 is divided by y?
15
Suppose 0*v = 5*i + 4*v - 300, -5*i - 5*v = -300. What is the remainder when i is divided by 13?
8
Let c = -150 - -182. Calculate the remainder when c is divided by 13.
6
Let h = 1397 - 709. What is the remainder when h is divided by 63?
58
Suppose -i + 9 + 8 = 0. Calculate the remainder when 30/(15 - 9) - -45 - (-6 + 6) is divided by i.
16
Suppose -2*a - 3 = a, -5*l + 5*a + 25 = 0. Suppose 7*m = -l*f + 4*m + 95, 87 = 3*f - 3*m. What is the remainder when 75 is divided by f?
23
Let q = -16 - -22. Let j be (-36)/(-4)*(-2)/q. Calculate the remainder when 33 is divided by (54/(-4))/j*2.
6
Suppose 8*b - 13*b + 145 = 0. Calculate the remainder when 84 is divided by b.
26
Suppose 51 = v + j, -9*v - 143 = -12*v + 2*j. Calculate the remainder when 89 is divided by v.
40
Let d(y) = y**3 + 7*y**2 - y - 4. Let t be d(-7). Let k be -1 - ((-3)/t + 0). Suppose -8 = -2*o - k. Calculate the remainder when 17 is divided by o.
1
Let s(b) = b**2 + 7*b - 11. Let x be s(-9). Let j(d) = 3*d - 8. Let n be j(x). Calculate the remainder when 28 is divided by 2 + n - 0/(-2).
13
Let c = -1866 + 1919. Calculate the remainder when c is divided by 24.
5
Suppose -354 = -2*i + 116. Suppose -2*z + 3*o = -o - 74, -4*o = -4. Suppose -z + i = 7*x. What is the remainder when x is divided by 10?
8
Let l(t) = -t**3 - t**2 - t + 66. Let g = 88 - 25. Let q = g + -46. Calculate the remainder when l(0) is divided by q.
15
Let d = 2317 - 2309. Suppose -202 - 446 = -4*p. Suppose s - p = -d*k + 3*k, -4*k - 4*s = -120. What is the remainder when k is divided by 9?
6
Let a = -108 - -115. Calculate the remainder when 74 is divided by a.
4
Let q = -807 + 888. What is the remainder when q is divided by 33?
15
What is the remainder when 61 is divided by (28/(-6))/(90/(-135))?
5
Suppose 3*r + 1 - 14 = 5*p, 2*p + 3 = r. Calculate the remainder when 43 is divided by r.
10
Let u be (11/55)/(2/10). Let n be u/((7 - 4)/249). Let g = n + -36. What is the remainder when g is divided by 24?
23
Let s(u) = 41*u - 146. What is the remainder when 105 is divided by s(4)?
15
Let y(q) = q + 5. What is the remainder when 116 is divided by y(5)?
6
Let s(z) = -z**2 - 10*z + 10. Suppose -205 = -3*n - 4*x, 2*x - 16 - 49 = -n. What is the remainder when n is divided by s(-9)?
18
Let l(r) = r + 17. Let v be l(-13). Suppose a - 174 = -v*u, 2*a = -u - 3*a + 34. Calculate the remainder when u is divided by 23.
21
Let a be 5 + (-7)/((-28)/8). Let i = 9 - a. Suppose -3*b + 78 = w, 0 = i*b + 5*w - 50 + 11. Calculate the remainder when 80 is divided by b.
26
Let i = -824 + 827. Calculate the remainder when 19 is divided by i.
1
Suppose 3*x + 207 = 4*h, h - 3*x - 73 = -19. Calculate the remainder when 202 is divided by h.
49
Let q(g) = 2*g**3 - 3*g**2 - 2*g + 1. What is the remainder when q(3) is divided by 12 + -14 - -3 - -7?
6
Let f be 3 + (1 - 6/(-2)) + -4. What is the remainder when 18 is divided by 6/(-14) + (f - (-24)/(-42))?
0
Let y = -26 + 29. Suppose 84 = -0*s + 3*s - y*b, 3*s + 2*b = 69. Calculate the remainder when 46 is divided by s.
21
Calculate the remainder when (14/(-42))/(3/(-10323)) is divided by 14.
13
Let l = 112 - 108. Let n(p) = -p - 7. Calculate the remainder when n(-12) is divided by l.
1
Let o = -199 - -209. Calculate the remainder when o is divided by 6.
4
Suppose -140*t + 1666 = -106*t. What is the remainder when 177 is divided by t?
30
What is the remainder when 54/(((-4)/2)/(16/(-12))) is divided by 32?
4
Let a be ((-4 + 3)*75)/(-1). Let v = 107 - a. What is the remainder when 156 is divided by v?
28
Let v = 2574 - 2551. Calculate the remainder when 942 is divided by v.
22
Let m(v) = 90*v - 96. What is the remainder when 315 is divided by m(2)?
63
Let k be (2*4/(-8))/1. Let s be (-170)/(-8) - k/(-4). Calculate the remainder when (-172)/(-6) - (-28)/s is divided by 16.
14
Suppose -4*d + 15 = -k, 6 - 1 = 2*d - 3*k. Calculate the remainder when 14 is divided by 1*(-5 + d + 4).
2
Suppose 0 = 3*x - f - 147, 3*x - 69 = -2*f + 69. Let m = -24 + x. What is the remainder when 95 is divided by m?
23
Let m(b) = b + 9. Let s be m(-7). Suppose s*f - 18 = 6. What is the remainder when (-272)/(-5) + f/(-30) is divided by 14?
12
Suppose 2*j = 7*l - 2*l - 251, 153 = 3*l - 2*j. Suppose -4*w - 3*w + l = 0. What is the remainder when 17 is divided by w?
3
Suppose -233*g + 240*g - 903 = 0. What is the remainder when g is divided by 74?
55
Let a(y) = 2*y**2 + 79*y + 52. What is the remainder when a(-39) is divided by (-2)/8 + (-21)/(-4)?
3
Let u = -2 - -7. Suppose -5*x = -u - 15. Let n(r) = -3*r + 2. What is the remainder when n(-3) is divided by x?
3
Let o = -17 + 27. Suppose -3*n - 14 = -32. Let p(d) = 6*d + 2. Calculate the remainder when p(n) is divided by o.
8
Let w(m) = m**3 + 7*m**2 - 8*m + 11. Let j be w(-8). Let y = j - -14. Suppose 39*x - 91 = 32*x. What is the remainder when y is divided by x?
12
Let s(z) = -z**3 - 2*z**2 + z - 1. Let n be s(-3). Let r = n - -18. Suppose -r - 39 = -u. Calculate the remainder when u is divided by 16.
14
Let r(h) = 28*h + 14. Let c be r(10). Suppose -5*x - 380 = -4*a, 5*a + 2*x - c = 148. Calculate the remainder when 41 is divided by 1/(-2 - a/(-44)).
19
Suppose 0 = -4*i - 2190 + 26